+ 517378. What is the tens digit of q?
9
Let z(q) = -q**3 - 5*q**2 - 5*q - 15. Let x be z(-5). Let c(m) = -2*m**3 + 13*m**2 + 15*m - 6. Let t be c(x). Let n = t + 802. What is the units digit of n?
6
Let a(p) = p - 8. Let t be a(12). Suppose -4 = -0*c - 2*c - 2*x, -5*c = t*x - 11. Suppose -c*j = 2*h - 53, 0 = -h + 2*h - 3*j - 4. What is the tens digit of h?
1
Let i(m) = -2*m - 32. Let r be i(-16). Suppose p - 174 + 63 = r. Let u = p - 76. What is the tens digit of u?
3
Let o(z) = z**2 - 7*z + 15. Let k be o(7). Let r(f) = 23*f - 27 + 18*f**2 - 31*f**2 + k*f**2. What is the hundreds digit of r(-17)?
1
Suppose 881 = 22*a - 10009. What is the tens digit of a?
9
Suppose 0 = 3*a - 2*a - b + 2, 0 = -a + 4*b - 17. Suppose a*n + 26*q - 1635 = 29*q, -q = n - 539. What is the tens digit of n?
4
Suppose -3*r = q + 2*q - 15, 0 = -q + r - 5. Suppose 5*w - w - 92 = q. Suppose m - w = 4*p, 2*m + 2*p + 76 = 4*m. What is the units digit of m?
3
Suppose a - 6214 = -m, m + 188 + 18470 = 3*a. Suppose -a = -17*h - 1424. What is the tens digit of h?
8
Let y(i) be the third derivative of -7*i**5/60 - 7*i**4/24 - 3*i**3/2 + 16*i**2. Let c be y(-4). Let k = c - -141. What is the units digit of k?
8
Let b(l) = 3*l**2 - 20*l + 5. Let v be b(7). Suppose -45*p - v = -49*p. What is the units digit of p?
3
Let l(w) = 2348*w**2 + 8*w - 8. Let y be l(1). Suppose -y = -4*s + s - q, 756 = s - 5*q. What is the tens digit of s?
8
Let o = 739 + -592. Let s = o + -89. What is the tens digit of s?
5
Suppose 372 + 524 = 14*v. Suppose 3*l = 2*l + 2. Suppose v = l*w - 140. What is the units digit of w?
2
Let j be -1*(-21)/(-14)*(-536)/6. Suppose -2*k + j = -368. What is the hundreds digit of k?
2
Let p(l) = 908*l**2 + 67*l + 235. What is the tens digit of p(-4)?
9
Suppose -2*y + 421 = -689. Let m = -346 + y. What is the hundreds digit of m?
2
Suppose -2*w - 3*c = -6*c - 1306, -4*c + 1278 = 2*w. Let a = -185 + w. What is the units digit of a?
2
Suppose -2*b = -g - 19045, -12*b + 114171 = 3*g + 2*g. What is the thousands digit of b?
9
Let o(b) = -7*b + 4*b**2 - 4 - b**2 - 2*b**2. Suppose 0 = -122*z + 481 + 617. What is the units digit of o(z)?
4
Let w(c) = 8*c**2 + 20*c + 25. Suppose -3*q = 2*q + 30. What is the tens digit of w(q)?
9
Suppose -4*v - 8 = 0, -4*d - 87134 = -8*d + 3*v. What is the thousands digit of d?
1
Let l = 4609 - -20194. What is the thousands digit of l?
4
Suppose -v - 2*h + 204 = 0, -6*h + h = -5*v + 960. What is the units digit of (-16365)/(-21) - 56/v?
9
Suppose -29618 = -3*y - 4*t, -3*y = 16*t - 18*t - 29606. What is the units digit of y?
0
Suppose -2463*l = -5*a - 2466*l + 163747, 2*l + 163727 = 5*a. What is the units digit of a?
7
Let x be -3 - (40/(-4) - -4). Suppose -4*a + 5*a = x. Suppose -a*j + 216 = 3*o, 5*j - 155 = -o + 213. What is the tens digit of j?
7
Let x(n) = n**2 - 25*n - 180. Let c be x(-6). What is the units digit of 43 - 0/(-6) - c?
7
Let y be (1 - 1/3)/(-1)*18. What is the hundreds digit of y*(2 + (386/(-6) - -3))?
7
Let s be 61/5 - 6 - 2/10. Let z be (44/28 - s/(-14)) + -2. Suppose 4*h = -2*q + 358, z = 4*q - 5*h - 362 - 289. What is the tens digit of q?
6
Suppose -16*f + 2823 = -9705. What is the hundreds digit of f?
7
Suppose 0 = -13*l - 65*l - 987511 + 2518963. What is the tens digit of l?
3
Suppose -6*g - 5*g = -211321. Suppose -5189 = -10*f + g. Suppose -8*r + 0*r = -f. What is the units digit of r?
5
Let z(p) = -1604*p**3 + 201*p + 410. What is the tens digit of z(-2)?
4
Suppose 11*k = 6*k - 345. Let i be (k/46)/(3/8*1). Let o(v) = -8*v - 4. What is the units digit of o(i)?
8
Let v(w) = 2*w**2 + 15*w - 662. What is the thousands digit of v(48)?
4
What is the thousands digit of (2/(48/(-25458)))/(38/(-2736))?
6
Let x(d) = -d**3 + 67*d**2 - 686*d + 106. What is the hundreds digit of x(32)?
9
Suppose -11*d = -16*d + 20. Suppose 0 = -d*n + 9*n - 1550. Suppose b = -2*b - h + n, -4*h = 4*b - 408. What is the units digit of b?
4
Suppose -1633597 = 444*k - 8543125. What is the tens digit of k?
6
Let h = -16 + 8. Suppose 0 = s - 23 - 8. What is the units digit of s - (3 + h/4)?
0
Let f(v) = -v**2 - 26. Let q be f(0). Let t(o) = -3*o**2 - 2*o - 1. Let r be t(-1). Let n = r - q. What is the units digit of n?
4
Let m = -149 + 65. Let n = -80 - m. Suppose k + n*a = 27 + 6, -3*a + 9 = 0. What is the tens digit of k?
2
Let h be -1*(4/(-26) - 18/(-117)). Let l(z) be the third derivative of z**6/60 - z**5/60 - z**4/8 + 149*z**3/6 + 25*z**2. What is the hundreds digit of l(h)?
1
Suppose 4*s + 4*i = 66292, 39351 = 2*s + 4*i + 6191. What is the ten thousands digit of s?
1
Let y be (-16)/10*(-280)/32. Suppose -21*g + 1386 = -y*g. What is the tens digit of g?
9
Suppose -3*r = 4*w - 2*w - 130, 0 = -2*w + 4. Let k be 3 - (r + 1) - (-7 - -6). Let q = 134 + k. What is the units digit of q?
5
Suppose 6 = -8*f + 158. What is the hundreds digit of f/(57/2) + (-607)/(-3)?
2
Let r(c) = -1476*c - 117. What is the tens digit of r(-8)?
9
Let l(s) = -s - 130. Let f be l(-24). Let t = 310 - f. What is the hundreds digit of t?
4
Let j(h) = 7*h + 115. Let p be j(-16). Suppose -5*w + 2*f + 3872 = 0, 3*w - 1121 = -p*f + 1198. What is the tens digit of w?
7
Let x = -17629 + 75875. What is the units digit of x?
6
Let j = -319 - -74. Let u = 841 - j. Suppose -7*t = -t - u. What is the tens digit of t?
8
Suppose 4*w = 2*l + 32462, -1513 + 9636 = w + 2*l. What is the hundreds digit of w?
1
Let b = -16 + 56. Suppose -b + 82 = 6*y. What is the units digit of y?
7
Let b(t) = t**2 - 12*t - 129. Let h be b(-11). Let z = h - -725. What is the hundreds digit of z?
8
Let h(u) = -4*u**3 + 12*u**2 + 28*u + 10. Let q(z) = -9*z**3 + 23*z**2 + 55*z + 20. Let l(r) = 7*h(r) - 3*q(r). What is the units digit of l(15)?
5
Suppose -2*u + 13 = 7. Suppose 8*c - 350 = u*c. What is the units digit of (c/(-15))/(4/(-30))?
5
Let v(o) = -2*o**3 + 19*o**2 - 25*o + 5. Let t be v(8). Let u(q) = -11*q**3 + 2*q**2 - 5*q - 14. What is the tens digit of u(t)?
1
Let r(g) = -g**3 + 32*g**2 - 31*g - 17. Let s be r(31). What is the tens digit of 2 + s/9 - 1436/(-36)?
4
Suppose 2*h = 5*v - 320584, -1613*v + 1610*v - 4*h + 192392 = 0. What is the hundreds digit of v?
1
Let j(h) = -h**3 + 47*h**2 + 97*h + 365. What is the hundreds digit of j(47)?
9
Let y = 1819 - 1091. Suppose y = 87*a - 83*a. What is the hundreds digit of a?
1
Suppose 2*a - 123 = -21. Let x = -51 + a. Let r = x - -69. What is the units digit of r?
9
Let o = -809 - -2991. Suppose 0 = -5*x + 2*y + 8273, 0 = 3*x - y - 7146 + o. What is the tens digit of x?
5
Let z(t) = -158*t + 10. Let i be z(5). Let w = i - -1308. Suppose -6*h + w = 2*h. What is the units digit of h?
6
Suppose -5*u + 21724 + 29727 = -113509. What is the ten thousands digit of u?
3
Suppose -4*j + 203*i + 39650 = 205*i, -3*j - 3*i = -29748. What is the hundreds digit of j?
9
Let s(o) = o**3 - 9*o**2 + 37*o - 483. What is the units digit of s(19)?
0
Let g = 204 + -2. Suppose -a = -2*s + 184, -3*s + 4*a = s - 360. Let n = g - s. What is the hundreds digit of n?
1
Let y = 887 - 1250. Let n = y - -493. What is the units digit of n?
0
Let k(o) = 12*o + 4. Let i be k(1). Let w(f) = 2*f - 34. Let y be w(i). What is the units digit of 6*y/(-4)*17?
1
Let c(u) = u**2 - 119*u + 28. Let v be c(-20). Let g = v + -1594. What is the thousands digit of g?
1
What is the units digit of (18/(-3) - 3)/(7/(-11634))?
8
Suppose -32*c = -18*c - 1722. Suppose -c*o + 127*o = 5680. What is the units digit of o?
0
Suppose -4*l + 4*c + 3548 = 0, 0 = l - 3*c - 1038 + 159. Let u = l + 671. What is the thousands digit of u?
1
Suppose -1 = -l - u, -4*u - 2 = -l + 4*l. Let w(b) = b**3 + b**2 + 13*b - 6. What is the units digit of w(l)?
4
Let n(g) be the third derivative of 0 + 0*g + 3*g**2 - 5/12*g**4 - 7/6*g**3. What is the tens digit of n(-5)?
4
Let a(z) = 13 + 11*z + z**2 + 8 - 68 + 25. Let p = 78 + -73. What is the tens digit of a(p)?
5
Let w be (0/1 - 48) + -3 + 0. Let i be (-23262)/w - 2/17. Suppose -11*b + 7*b = -i. What is the hundreds digit of b?
1
Suppose -126*w + 868 = -122*w. Suppose -h + w + 1230 = 0. What is the thousands digit of h?
1
Suppose 3*i - 4890 = -3*d + 6252, 2*i + 7420 = 2*d. What is the tens digit of d?
1
What is the tens digit of -3 - 25/(-15) - 698/(-6)?
1
Let q(s) = 33*s**2 + 4*s + 3. Let a 